{"id":477,"date":"2026-03-19T15:01:09","date_gmt":"2026-03-19T14:01:09","guid":{"rendered":"https:\/\/laurianedine.com\/?post_type=exposition&#038;p=477"},"modified":"2026-03-19T15:01:10","modified_gmt":"2026-03-19T14:01:10","slug":"wide-opening","status":"publish","type":"exposition","link":"https:\/\/laurianedine.com\/en\/exposition\/grande-ouverture\/","title":{"rendered":"WIDE OPENING"},"content":{"rendered":"<h3 class=\"wp-block-heading has-text-align-center\">Group exhibition Shower gallery<br>24.03. - 29.04.2023<\/h3>\n\n\n\n<p>With the grand opening on 24\/03\/2023, the shower announces its introduction - the seven artists from different origins, backgrounds and horizons present works that couldn't be more diverse.<\/p>\n\n\n\n<p>Everyday surfaces, objects and habits of vision, social structures and humanity are thematized and\u00a0<a href=\"https:\/\/galerieshower.de\/en\/artist\/nicolas-dupont\/\" target=\"_blank\" rel=\"noreferrer noopener\">Nicol\u00e1s Duponts<\/a>\u00a0and humorous,\u00a0<a href=\"https:\/\/galerieshower.de\/en\/artist\/georg-brueckmann\/\" target=\"_blank\" rel=\"noreferrer noopener\">Georg Br\u00fcckmanns<\/a>\u00a0illusionist photography or\u00a0<a href=\"https:\/\/galerieshower.de\/en\/artist\/ruth-unger\/\" target=\"_blank\" rel=\"noreferrer noopener\">Ruth Ungers<\/a>\u00a0sculptural installation. A monumental breast, from which mother's milk gushes and flows into a drain, divides the space.<\/p>\n\n\n\n<p>In her prints, Lauriane Dine brings out a gentle fullness through the deliberate emptiness of the various pictorial planes.\u00a0<a href=\"https:\/\/galerieshower.de\/en\/artist\/stefan-schwarzer\/\" target=\"_blank\" rel=\"noreferrer noopener\">Stefan Schwarzers<\/a>\u00a0an almost psychedelic experience of nature, a natural wall growing before our very eyes.<\/p>\n\n\n\n<p><a href=\"https:\/\/galerieshower.de\/en\/artist\/oliver-staeudlin\/\" target=\"_blank\" rel=\"noreferrer noopener\">Oliver St\u00e4udlin<\/a>\u00a0shows a dystopian setting that oscillates between irrepressible power and inner calm. Devoid of any narrative, the film creates\u00a0<a href=\"https:\/\/galerieshower.de\/en\/artist\/jurek-rotha\/\" target=\"_blank\" rel=\"noreferrer noopener\">Jurek Rotha<\/a>\u00a0in his latest book, a cosmos that prompts us to question our understanding of spatial objects and dimensions.<\/p>\n\n\n\n<p>An artistic discourse determined by the divergences and convergences between individual positions emerges and invites - the multimedia group exhibition offers the ideal opportunity to discover each artistic practice in a non-hierarchical presentation and in the context of the group exhibition.<\/p>","protected":false},"excerpt":{"rendered":"<p>Exposition collective galerie Shower24.03. \u2013 29.04.2023 Avec la grande ouverture du 24\/03\/2023, la douche annonce son introduction &#8211; les sept artistes d&rsquo;origines, de milieux et d&rsquo;horizons diff\u00e9rents pr\u00e9sentent des \u0153uvres qui ne pourraient \u00eatre plus diversifi\u00e9es. Les surfaces, les objets et les habitudes de vision du quotidien, les structures sociales et l&rsquo;humanit\u00e9 sont th\u00e9matis\u00e9es et\u00a0Nicol\u00e1s&#8230;<\/p>","protected":false},"featured_media":0,"parent":0,"template":"","meta":{"_acf_changed":false,"_kad_blocks_custom_css":"","_kad_blocks_head_custom_js":"","_kad_blocks_body_custom_js":"","_kad_blocks_footer_custom_js":"","_kadence_starter_templates_imported_post":false,"_kad_post_transparent":"","_kad_post_title":"","_kad_post_layout":"","_kad_post_sidebar_id":"","_kad_post_content_style":"","_kad_post_vertical_padding":"","_kad_post_feature":"","_kad_post_feature_position":"","_kad_post_header":false,"_kad_post_footer":false,"_kad_post_classname":"","footnotes":""},"tags":[18],"class_list":["post-477","exposition","type-exposition","status-publish","hentry","tag-collective"],"acf":[],"taxonomy_info":{"post_tag":[{"value":18,"label":"Collective"}]},"featured_image_src_large":false,"author_info":[],"comment_info":"","_links":{"self":[{"href":"https:\/\/laurianedine.com\/en\/wp-json\/wp\/v2\/exposition\/477","targetHints":{"allow":["GET"]}}],"collection":[{"href":"https:\/\/laurianedine.com\/en\/wp-json\/wp\/v2\/exposition"}],"about":[{"href":"https:\/\/laurianedine.com\/en\/wp-json\/wp\/v2\/types\/exposition"}],"version-history":[{"count":0,"href":"https:\/\/laurianedine.com\/en\/wp-json\/wp\/v2\/exposition\/477\/revisions"}],"wp:attachment":[{"href":"https:\/\/laurianedine.com\/en\/wp-json\/wp\/v2\/media?parent=477"}],"wp:term":[{"taxonomy":"post_tag","embeddable":true,"href":"https:\/\/laurianedine.com\/en\/wp-json\/wp\/v2\/tags?post=477"}],"curies":[{"name":"wp","href":"https:\/\/api.w.org\/{rel}","templated":true}]}}

<h3 class="wp-block-heading has-text-align-center">Group exhibition Shower gallery<br>24.03. - 29.04.2023</h3>



<p>With the grand opening on 24/03/2023, the shower announces its introduction - the seven artists from different origins, backgrounds and horizons present works that couldn't be more diverse.</p>



<p>Everyday surfaces, objects and habits of vision, social structures and humanity are thematized and <a href="https://galerieshower.de/en/artist/nicolas-dupont/" target="_blank" rel="noreferrer noopener">Nicolás Duponts</a> and humorous, <a href="https://galerieshower.de/en/artist/georg-brueckmann/" target="_blank" rel="noreferrer noopener">Georg Brückmanns</a> illusionist photography or <a href="https://galerieshower.de/en/artist/ruth-unger/" target="_blank" rel="noreferrer noopener">Ruth Ungers</a> sculptural installation. A monumental breast, from which mother's milk gushes and flows into a drain, divides the space.</p>



<p>In her prints, Lauriane Dine brings out a gentle fullness through the deliberate emptiness of the various pictorial planes. <a href="https://galerieshower.de/en/artist/stefan-schwarzer/" target="_blank" rel="noreferrer noopener">Stefan Schwarzers</a> an almost psychedelic experience of nature, a natural wall growing before our very eyes.</p>



<p><a href="https://galerieshower.de/en/artist/oliver-staeudlin/" target="_blank" rel="noreferrer noopener">Oliver Stäudlin</a> shows a dystopian setting that oscillates between irrepressible power and inner calm. Devoid of any narrative, the film creates <a href="https://galerieshower.de/en/artist/jurek-rotha/" target="_blank" rel="noreferrer noopener">Jurek Rotha</a> in his latest book, a cosmos that prompts us to question our understanding of spatial objects and dimensions.</p>



<p>An artistic discourse determined by the divergences and convergences between individual positions emerges and invites - the multimedia group exhibition offers the ideal opportunity to discover each artistic practice in a non-hierarchical presentation and in the context of the group exhibition.</p>

<p>Exposition collective galerie Shower24.03. – 29.04.2023 Avec la grande ouverture du 24/03/2023, la douche annonce son introduction &#8211; les sept artistes d&rsquo;origines, de milieux et d&rsquo;horizons différents présentent des œuvres qui ne pourraient être plus diversifiées. Les surfaces, les objets et les habitudes de vision du quotidien, les structures sociales et l&rsquo;humanité sont thématisées et Nicolás&#8230;</p>
