{"id":477,"date":"2026-03-19T15:01:09","date_gmt":"2026-03-19T14:01:09","guid":{"rendered":"https:\/\/laurianedine.com\/?post_type=exposition&#038;p=477"},"modified":"2026-03-19T15:01:10","modified_gmt":"2026-03-19T14:01:10","slug":"grose-offnung","status":"publish","type":"exposition","link":"https:\/\/laurianedine.com\/de\/exposition\/grande-ouverture\/","title":{"rendered":"GROSSE \u00d6FFNUNG"},"content":{"rendered":"<h3 class=\"wp-block-heading has-text-align-center\">Gruppenausstellung Galerie Shower<br>24.03. - 29.04.2023<\/h3>\n\n\n\n<p>Mit der gro\u00dfen Er\u00f6ffnung am 24.03.2023 k\u00fcndigt die Dusche ihre Einf\u00fchrung an - die sieben K\u00fcnstler unterschiedlicher Herkunft, Hintergr\u00fcnde und Horizonte pr\u00e4sentieren Werke, die vielf\u00e4ltiger nicht sein k\u00f6nnten.<\/p>\n\n\n\n<p>Oberfl\u00e4chen, Gegenst\u00e4nde und Sehgewohnheiten des Alltags, soziale Strukturen und die Menschheit werden thematisiert und\u00a0<a href=\"https:\/\/galerieshower.de\/en\/artist\/nicolas-dupont\/\" target=\"_blank\" rel=\"noreferrer noopener\">Nicol\u00e1s Duponts<\/a>\u00a0und humorvoll,\u00a0<a href=\"https:\/\/galerieshower.de\/en\/artist\/georg-brueckmann\/\" target=\"_blank\" rel=\"noreferrer noopener\">Georg Br\u00fcckmanns<\/a>\u00a0illusionistische Fotografie oder\u00a0<a href=\"https:\/\/galerieshower.de\/en\/artist\/ruth-unger\/\" target=\"_blank\" rel=\"noreferrer noopener\">Ruth Ungers<\/a>\u00a0skulpturale Installation. Eine monumentale Brust, aus der die Muttermilch herausspritzt und in einen Abfluss flie\u00dft, teilt den Raum.<\/p>\n\n\n\n<p>W\u00e4hrend Lauriane Dine In ihren Drucken bringt sie durch die bewusste Leere der verschiedenen Bildebenen eine sanfte F\u00fclle zum Vorschein.\u00a0<a href=\"https:\/\/galerieshower.de\/en\/artist\/stefan-schwarzer\/\" target=\"_blank\" rel=\"noreferrer noopener\">Stefan Schwarzers<\/a>\u00a0eine fast psychedelische Erfahrung der Natur, eine nat\u00fcrliche Mauer, die vor unseren Augen w\u00e4chst.<\/p>\n\n\n\n<p><a href=\"https:\/\/galerieshower.de\/en\/artist\/oliver-staeudlin\/\" target=\"_blank\" rel=\"noreferrer noopener\">Oliver St\u00e4udlin<\/a>\u00a0zeigt eine dystopische Szenerie, die zwischen unb\u00e4ndiger Macht und innerer Ruhe schwankt. Ohne jegliche Erz\u00e4hlung schafft der Film\u00a0<a href=\"https:\/\/galerieshower.de\/en\/artist\/jurek-rotha\/\" target=\"_blank\" rel=\"noreferrer noopener\">Jurek Rotha<\/a>\u00a0in seinem neuesten Buch einen Kosmos, der uns dazu bringt, unser Verst\u00e4ndnis von r\u00e4umlichen Objekten und Dimensionen zu hinterfragen.<\/p>\n\n\n\n<p>Ein k\u00fcnstlerischer Diskurs, der von den Divergenzen und Konvergenzen zwischen den individuellen Positionen bestimmt wird, entsteht und l\u00e4dt ein - die multimediale Gruppenausstellung bietet die ideale Gelegenheit, jede k\u00fcnstlerische Praxis in einer nicht-hierarchischen Pr\u00e4sentation und im Kontext der Gruppenausstellung zu entdecken.<\/p>","protected":false},"excerpt":{"rendered":"<p>Exposition collective galerie Shower24.03. \u2013 29.04.2023 Avec la grande ouverture du 24\/03\/2023, la douche annonce son introduction &#8211; les sept artistes d&rsquo;origines, de milieux et d&rsquo;horizons diff\u00e9rents pr\u00e9sentent des \u0153uvres qui ne pourraient \u00eatre plus diversifi\u00e9es. Les surfaces, les objets et les habitudes de vision du quotidien, les structures sociales et l&rsquo;humanit\u00e9 sont th\u00e9matis\u00e9es et\u00a0Nicol\u00e1s&#8230;<\/p>","protected":false},"featured_media":0,"parent":0,"template":"","meta":{"_acf_changed":false,"_kad_blocks_custom_css":"","_kad_blocks_head_custom_js":"","_kad_blocks_body_custom_js":"","_kad_blocks_footer_custom_js":"","_kadence_starter_templates_imported_post":false,"_kad_post_transparent":"","_kad_post_title":"","_kad_post_layout":"","_kad_post_sidebar_id":"","_kad_post_content_style":"","_kad_post_vertical_padding":"","_kad_post_feature":"","_kad_post_feature_position":"","_kad_post_header":false,"_kad_post_footer":false,"_kad_post_classname":"","footnotes":""},"tags":[18],"class_list":["post-477","exposition","type-exposition","status-publish","hentry","tag-collective"],"acf":[],"taxonomy_info":{"post_tag":[{"value":18,"label":"Collective"}]},"featured_image_src_large":false,"author_info":[],"comment_info":"","_links":{"self":[{"href":"https:\/\/laurianedine.com\/de\/wp-json\/wp\/v2\/exposition\/477","targetHints":{"allow":["GET"]}}],"collection":[{"href":"https:\/\/laurianedine.com\/de\/wp-json\/wp\/v2\/exposition"}],"about":[{"href":"https:\/\/laurianedine.com\/de\/wp-json\/wp\/v2\/types\/exposition"}],"version-history":[{"count":0,"href":"https:\/\/laurianedine.com\/de\/wp-json\/wp\/v2\/exposition\/477\/revisions"}],"wp:attachment":[{"href":"https:\/\/laurianedine.com\/de\/wp-json\/wp\/v2\/media?parent=477"}],"wp:term":[{"taxonomy":"post_tag","embeddable":true,"href":"https:\/\/laurianedine.com\/de\/wp-json\/wp\/v2\/tags?post=477"}],"curies":[{"name":"wp","href":"https:\/\/api.w.org\/{rel}","templated":true}]}}

GROSSE ÖFFNUNG

<h3 class="wp-block-heading has-text-align-center">Gruppenausstellung Galerie Shower<br>24.03. - 29.04.2023</h3>



<p>Mit der großen Eröffnung am 24.03.2023 kündigt die Dusche ihre Einführung an - die sieben Künstler unterschiedlicher Herkunft, Hintergründe und Horizonte präsentieren Werke, die vielfältiger nicht sein könnten.</p>



<p>Oberflächen, Gegenstände und Sehgewohnheiten des Alltags, soziale Strukturen und die Menschheit werden thematisiert und <a href="https://galerieshower.de/en/artist/nicolas-dupont/" target="_blank" rel="noreferrer noopener">Nicolás Duponts</a> und humorvoll, <a href="https://galerieshower.de/en/artist/georg-brueckmann/" target="_blank" rel="noreferrer noopener">Georg Brückmanns</a> illusionistische Fotografie oder <a href="https://galerieshower.de/en/artist/ruth-unger/" target="_blank" rel="noreferrer noopener">Ruth Ungers</a> skulpturale Installation. Eine monumentale Brust, aus der die Muttermilch herausspritzt und in einen Abfluss fließt, teilt den Raum.</p>



<p>Während Lauriane Dine In ihren Drucken bringt sie durch die bewusste Leere der verschiedenen Bildebenen eine sanfte Fülle zum Vorschein. <a href="https://galerieshower.de/en/artist/stefan-schwarzer/" target="_blank" rel="noreferrer noopener">Stefan Schwarzers</a> eine fast psychedelische Erfahrung der Natur, eine natürliche Mauer, die vor unseren Augen wächst.</p>



<p><a href="https://galerieshower.de/en/artist/oliver-staeudlin/" target="_blank" rel="noreferrer noopener">Oliver Stäudlin</a> zeigt eine dystopische Szenerie, die zwischen unbändiger Macht und innerer Ruhe schwankt. Ohne jegliche Erzählung schafft der Film <a href="https://galerieshower.de/en/artist/jurek-rotha/" target="_blank" rel="noreferrer noopener">Jurek Rotha</a> in seinem neuesten Buch einen Kosmos, der uns dazu bringt, unser Verständnis von räumlichen Objekten und Dimensionen zu hinterfragen.</p>



<p>Ein künstlerischer Diskurs, der von den Divergenzen und Konvergenzen zwischen den individuellen Positionen bestimmt wird, entsteht und lädt ein - die multimediale Gruppenausstellung bietet die ideale Gelegenheit, jede künstlerische Praxis in einer nicht-hierarchischen Präsentation und im Kontext der Gruppenausstellung zu entdecken.</p>

<p>Exposition collective galerie Shower24.03. – 29.04.2023 Avec la grande ouverture du 24/03/2023, la douche annonce son introduction &#8211; les sept artistes d&rsquo;origines, de milieux et d&rsquo;horizons différents présentent des œuvres qui ne pourraient être plus diversifiées. Les surfaces, les objets et les habitudes de vision du quotidien, les structures sociales et l&rsquo;humanité sont thématisées et Nicolás&#8230;</p>
